{"id":116,"date":"2014-03-07T20:41:16","date_gmt":"2014-03-07T20:41:16","guid":{"rendered":"http:\/\/can-ev.soloxis-web.de\/?page_id=116"},"modified":"2025-07-22T05:56:29","modified_gmt":"2025-07-22T05:56:29","slug":"mit-dem-kanu-durch-hannover","status":"publish","type":"page","link":"https:\/\/www.can-ev.de\/?page_id=116","title":{"rendered":"Mit dem Kanu durch Hannover"},"content":{"rendered":"<p><strong><img loading=\"lazy\" decoding=\"async\" class=\"aligncenter wp-image-10 size-medium\" src=\"http:\/\/can-ev.soloxis-web.de\/wp-content\/uploads\/2014\/03\/gal-1180129185-pic5-300x199.jpg\" alt=\"gal-1180129185-pic5\" width=\"300\" height=\"199\" srcset=\"https:\/\/www.can-ev.de\/wp-content\/uploads\/2014\/03\/gal-1180129185-pic5-300x199.jpg 300w, https:\/\/www.can-ev.de\/wp-content\/uploads\/2014\/03\/gal-1180129185-pic5.jpg 400w\" sizes=\"auto, (max-width: 300px) 100vw, 300px\" \/><\/strong>Unsere\u00a0<strong>Kanutour f\u00fcr Schulklassen und Jugendgruppen<\/strong>\u00a0beginnt\u00a0am Leinewehr in D\u00f6hren.\u00a0Nach ca. 1 Stunde paddeln sind wir am\u00a0Sportleistungszentrum. Hier muss ein Wehr umtragen werden. Jetzt geht es weiter durch den Schnellen Graben Richtung Ihmezentrum. Hier kann die Gruppe ein St\u00fcck auf der Leine Richtung Calenberger Neustadt paddeln. Nach ca. 2,5 Stunden reiner Paddelzeit plus Pausen, Umtragen etc. endet die Tour am &#8222;Dornr\u00f6schen&#8220;. Die Gesamtzeit der Aktion betr\u00e4gt 4 -6 Stunden. Die Ein- und Aussatzstellen dieser Tour sind nahe bei Stra\u00dfenbahnhaltestellen die gut zu Fu\u00df erreichbar sind.<\/p>\n<p>Wir erstellen Ihnen gerne ein Angebot. Schicken Sie uns eine <a href=\"mailto:info@can-ev.de\" target=\"_self\" rel=\"noopener\">eMail<\/a>.<\/p>\n","protected":false},"excerpt":{"rendered":"<p>Unsere\u00a0Kanutour f\u00fcr Schulklassen und Jugendgruppen\u00a0beginnt\u00a0am Leinewehr in D\u00f6hren.\u00a0Nach ca. 1 Stunde paddeln sind wir am\u00a0Sportleistungszentrum. Hier muss ein Wehr umtragen werden. Jetzt geht es weiter durch den Schnellen Graben Richtung Ihmezentrum. Hier kann die Gruppe ein St\u00fcck auf der Leine &hellip;<\/p>\n<p class=\"read-more\"> <a class=\"more-link\" href=\"https:\/\/www.can-ev.de\/?page_id=116\"> <span class=\"screen-reader-text\">Mit dem Kanu durch Hannover<\/span> Read More &raquo;<\/a><\/p>\n","protected":false},"author":1,"featured_media":0,"parent":66,"menu_order":0,"comment_status":"closed","ping_status":"closed","template":"","meta":{"footnotes":""},"class_list":["post-116","page","type-page","status-publish","hentry"],"_links":{"self":[{"href":"https:\/\/www.can-ev.de\/index.php?rest_route=\/wp\/v2\/pages\/116","targetHints":{"allow":["GET"]}}],"collection":[{"href":"https:\/\/www.can-ev.de\/index.php?rest_route=\/wp\/v2\/pages"}],"about":[{"href":"https:\/\/www.can-ev.de\/index.php?rest_route=\/wp\/v2\/types\/page"}],"author":[{"embeddable":true,"href":"https:\/\/www.can-ev.de\/index.php?rest_route=\/wp\/v2\/users\/1"}],"replies":[{"embeddable":true,"href":"https:\/\/www.can-ev.de\/index.php?rest_route=%2Fwp%2Fv2%2Fcomments&post=116"}],"version-history":[{"count":9,"href":"https:\/\/www.can-ev.de\/index.php?rest_route=\/wp\/v2\/pages\/116\/revisions"}],"predecessor-version":[{"id":1024,"href":"https:\/\/www.can-ev.de\/index.php?rest_route=\/wp\/v2\/pages\/116\/revisions\/1024"}],"up":[{"embeddable":true,"href":"https:\/\/www.can-ev.de\/index.php?rest_route=\/wp\/v2\/pages\/66"}],"wp:attachment":[{"href":"https:\/\/www.can-ev.de\/index.php?rest_route=%2Fwp%2Fv2%2Fmedia&parent=116"}],"curies":[{"name":"wp","href":"https:\/\/api.w.org\/{rel}","templated":true}]}}

<p><strong><img loading="lazy" decoding="async" class="aligncenter wp-image-10 size-medium" src="http://can-ev.soloxis-web.de/wp-content/uploads/2014/03/gal-1180129185-pic5-300x199.jpg" alt="gal-1180129185-pic5" width="300" height="199" srcset="https://www.can-ev.de/wp-content/uploads/2014/03/gal-1180129185-pic5-300x199.jpg 300w, https://www.can-ev.de/wp-content/uploads/2014/03/gal-1180129185-pic5.jpg 400w" sizes="auto, (max-width: 300px) 100vw, 300px" /></strong>Unsere <strong>Kanutour für Schulklassen und Jugendgruppen</strong> beginnt am Leinewehr in Döhren. Nach ca. 1 Stunde paddeln sind wir am Sportleistungszentrum. Hier muss ein Wehr umtragen werden. Jetzt geht es weiter durch den Schnellen Graben Richtung Ihmezentrum. Hier kann die Gruppe ein Stück auf der Leine Richtung Calenberger Neustadt paddeln. Nach ca. 2,5 Stunden reiner Paddelzeit plus Pausen, Umtragen etc. endet die Tour am &#8222;Dornröschen&#8220;. Die Gesamtzeit der Aktion beträgt 4 -6 Stunden. Die Ein- und Aussatzstellen dieser Tour sind nahe bei Straßenbahnhaltestellen die gut zu Fuß erreichbar sind.</p>
<p>Wir erstellen Ihnen gerne ein Angebot. Schicken Sie uns eine <a href="mailto:info@can-ev.de" target="_self" rel="noopener">eMail</a>.</p>

<p>Unsere Kanutour für Schulklassen und Jugendgruppen beginnt am Leinewehr in Döhren. Nach ca. 1 Stunde paddeln sind wir am Sportleistungszentrum. Hier muss ein Wehr umtragen werden. Jetzt geht es weiter durch den Schnellen Graben Richtung Ihmezentrum. Hier kann die Gruppe ein Stück auf der Leine &hellip;</p>
<p class="read-more"> <a class="more-link" href="https://www.can-ev.de/?page_id=116"> <span class="screen-reader-text">Mit dem Kanu durch Hannover</span> Read More &raquo;</a></p>
