{"id":120,"date":"2014-03-07T20:43:15","date_gmt":"2014-03-07T20:43:15","guid":{"rendered":"http:\/\/can-ev.soloxis-web.de\/?page_id=120"},"modified":"2025-07-22T05:54:20","modified_gmt":"2025-07-22T05:54:20","slug":"kletter-kanutouren-in-suedfrankreich","status":"publish","type":"page","link":"https:\/\/www.can-ev.de\/?page_id=120","title":{"rendered":"Kletter &#038; Kanutouren in S\u00fcdfrankreich"},"content":{"rendered":"<p><img loading=\"lazy\" decoding=\"async\" class=\"size-medium wp-image-355 alignleft\" src=\"http:\/\/can-ev.de\/wp-content\/uploads\/2014\/03\/gal-1228126811-pic2-300x225.jpg\" alt=\"\" width=\"300\" height=\"225\" srcset=\"https:\/\/www.can-ev.de\/wp-content\/uploads\/2014\/03\/gal-1228126811-pic2-300x225.jpg 300w, https:\/\/www.can-ev.de\/wp-content\/uploads\/2014\/03\/gal-1228126811-pic2.jpg 400w\" sizes=\"auto, (max-width: 300px) 100vw, 300px\" \/><\/p>\n<p>Ein ganz besonderes Abenteuer im Sommer bietet unser <b>Camp f\u00fcr <\/b><b>Jugendgruppen<\/b> an der Ardeche in S\u00fcdfrankreich. Auf dem Campingplatz\u00a0\u00a0\u201cLes Trouill\u00e8res\u201d\u00a0\u00a0in Sampzon stehen unsere Zelte. Von hier kommt man gut zur Schlucht der Ardeche. Eine 25 km lange Wildwasserstrecke zwischen dem imposanten Pont d\u2019Arc und der Einm\u00fcndung in die Rh\u00f4ne erwartet uns, wahlweise als zweit\u00e4gige Tour oder am St\u00fcck. Verschiedene Stromschnellen sorgen neben ruhigeren Abschnitten f\u00fcr reichlich Spa\u00df und Abwechslung. Wir klettern an den Felsen des Chassezac, einem Nebenflu\u00df der Ardeche. Wer dann noch Kraft und Mut hat, kann sich anschlie\u00dfend noch aus einer H\u00f6hle in den Flu\u00df abseilen. Sowohl f\u00fcr das Paddeln mit Kajaks und Kanadiern, als auch f\u00fcr das Klettern gibt es eine professionelle Schulung und mehrere \u00dcbungsm\u00f6glichkeiten.<\/p>\n<p><b>Termine:<\/b><br \/>\nTermine f\u00fcr 2026 auf Anfrage.<br \/>\n<b>Leistungen:<\/b><br \/>\nUnterkunftszelte, K\u00fcchenzelt mit Inventar, Klettern mit deutschsprachiger Anleitung, Einf\u00fchrung in die Kunst des Kanufahrens, Kajaks und Canadier k\u00f6nnen nach Absprache genutzt werden, Programm nach Vereinbarung, Mindestteilnehmerzahl pro Termin 25 Personen.<\/p>\n<p><img loading=\"lazy\" decoding=\"async\" class=\"alignright size-medium wp-image-219\" src=\"https:\/\/www.can-ev.de\/wp-content\/uploads\/2014\/03\/gal-1228126811-pic14-300x200.jpg\" alt=\"\" width=\"300\" height=\"200\" srcset=\"https:\/\/www.can-ev.de\/wp-content\/uploads\/2014\/03\/gal-1228126811-pic14-300x200.jpg 300w, https:\/\/www.can-ev.de\/wp-content\/uploads\/2014\/03\/gal-1228126811-pic14.jpg 400w\" sizes=\"auto, (max-width: 300px) 100vw, 300px\" \/><\/p>\n","protected":false},"excerpt":{"rendered":"<p>Ein ganz besonderes Abenteuer im Sommer bietet unser Camp f\u00fcr Jugendgruppen an der Ardeche in S\u00fcdfrankreich. Auf dem Campingplatz\u00a0\u00a0\u201cLes Trouill\u00e8res\u201d\u00a0\u00a0in Sampzon stehen unsere Zelte. Von hier kommt man gut zur Schlucht der Ardeche. Eine 25 km lange Wildwasserstrecke zwischen dem &hellip;<\/p>\n<p class=\"read-more\"> <a class=\"more-link\" href=\"https:\/\/www.can-ev.de\/?page_id=120\"> <span class=\"screen-reader-text\">Kletter &#038; Kanutouren in S\u00fcdfrankreich<\/span> Read More &raquo;<\/a><\/p>\n","protected":false},"author":1,"featured_media":0,"parent":66,"menu_order":0,"comment_status":"closed","ping_status":"closed","template":"","meta":{"footnotes":""},"class_list":["post-120","page","type-page","status-publish","hentry"],"_links":{"self":[{"href":"https:\/\/www.can-ev.de\/index.php?rest_route=\/wp\/v2\/pages\/120","targetHints":{"allow":["GET"]}}],"collection":[{"href":"https:\/\/www.can-ev.de\/index.php?rest_route=\/wp\/v2\/pages"}],"about":[{"href":"https:\/\/www.can-ev.de\/index.php?rest_route=\/wp\/v2\/types\/page"}],"author":[{"embeddable":true,"href":"https:\/\/www.can-ev.de\/index.php?rest_route=\/wp\/v2\/users\/1"}],"replies":[{"embeddable":true,"href":"https:\/\/www.can-ev.de\/index.php?rest_route=%2Fwp%2Fv2%2Fcomments&post=120"}],"version-history":[{"count":30,"href":"https:\/\/www.can-ev.de\/index.php?rest_route=\/wp\/v2\/pages\/120\/revisions"}],"predecessor-version":[{"id":1023,"href":"https:\/\/www.can-ev.de\/index.php?rest_route=\/wp\/v2\/pages\/120\/revisions\/1023"}],"up":[{"embeddable":true,"href":"https:\/\/www.can-ev.de\/index.php?rest_route=\/wp\/v2\/pages\/66"}],"wp:attachment":[{"href":"https:\/\/www.can-ev.de\/index.php?rest_route=%2Fwp%2Fv2%2Fmedia&parent=120"}],"curies":[{"name":"wp","href":"https:\/\/api.w.org\/{rel}","templated":true}]}}

Kletter &#038; Kanutouren in Südfrankreich

<p><img loading="lazy" decoding="async" class="size-medium wp-image-355 alignleft" src="http://can-ev.de/wp-content/uploads/2014/03/gal-1228126811-pic2-300x225.jpg" alt="" width="300" height="225" srcset="https://www.can-ev.de/wp-content/uploads/2014/03/gal-1228126811-pic2-300x225.jpg 300w, https://www.can-ev.de/wp-content/uploads/2014/03/gal-1228126811-pic2.jpg 400w" sizes="auto, (max-width: 300px) 100vw, 300px" /></p>
<p>Ein ganz besonderes Abenteuer im Sommer bietet unser <b>Camp für </b><b>Jugendgruppen</b> an der Ardeche in Südfrankreich. Auf dem Campingplatz  “Les Trouillères”  in Sampzon stehen unsere Zelte. Von hier kommt man gut zur Schlucht der Ardeche. Eine 25 km lange Wildwasserstrecke zwischen dem imposanten Pont d’Arc und der Einmündung in die Rhône erwartet uns, wahlweise als zweitägige Tour oder am Stück. Verschiedene Stromschnellen sorgen neben ruhigeren Abschnitten für reichlich Spaß und Abwechslung. Wir klettern an den Felsen des Chassezac, einem Nebenfluß der Ardeche. Wer dann noch Kraft und Mut hat, kann sich anschließend noch aus einer Höhle in den Fluß abseilen. Sowohl für das Paddeln mit Kajaks und Kanadiern, als auch für das Klettern gibt es eine professionelle Schulung und mehrere Übungsmöglichkeiten.</p>
<p><b>Termine:</b><br />
Termine für 2026 auf Anfrage.<br />
<b>Leistungen:</b><br />
Unterkunftszelte, Küchenzelt mit Inventar, Klettern mit deutschsprachiger Anleitung, Einführung in die Kunst des Kanufahrens, Kajaks und Canadier können nach Absprache genutzt werden, Programm nach Vereinbarung, Mindestteilnehmerzahl pro Termin 25 Personen.</p>
<p><img loading="lazy" decoding="async" class="alignright size-medium wp-image-219" src="https://www.can-ev.de/wp-content/uploads/2014/03/gal-1228126811-pic14-300x200.jpg" alt="" width="300" height="200" srcset="https://www.can-ev.de/wp-content/uploads/2014/03/gal-1228126811-pic14-300x200.jpg 300w, https://www.can-ev.de/wp-content/uploads/2014/03/gal-1228126811-pic14.jpg 400w" sizes="auto, (max-width: 300px) 100vw, 300px" /></p>

<p>Ein ganz besonderes Abenteuer im Sommer bietet unser Camp für Jugendgruppen an der Ardeche in Südfrankreich. Auf dem Campingplatz  “Les Trouillères”  in Sampzon stehen unsere Zelte. Von hier kommt man gut zur Schlucht der Ardeche. Eine 25 km lange Wildwasserstrecke zwischen dem &hellip;</p>
<p class="read-more"> <a class="more-link" href="https://www.can-ev.de/?page_id=120"> <span class="screen-reader-text">Kletter &#038; Kanutouren in Südfrankreich</span> Read More &raquo;</a></p>
